me factors of 61750372.
2, 15437593
List the prime factors of 1018600202.
2, 283, 331, 5437
List the prime factors of 46684072.
2, 5835509
List the prime factors of 53901015.
3, 5, 7, 599, 857
List the prime factors of 12241149.
3, 19, 89, 127
List the prime factors of 1841734227.
3, 41, 83, 89, 2027
List the prime factors of 6467232.
2, 3, 23, 29, 101
What are the prime factors of 225980344?
2, 28247543
List the prime factors of 181558475.
5, 7, 31, 683
What are the prime factors of 8099252?
2, 7, 139, 2081
List the prime factors of 327147035.
5, 19, 59, 58367
List the prime factors of 1539014365.
5, 7, 977, 45007
List the prime factors of 2437763079.
3, 223, 3643891
List the prime factors of 189113767.
189113767
List the prime factors of 1729902.
2, 3, 288317
What are the prime factors of 231534310?
2, 5, 7, 83, 5693
What are the prime factors of 898624873?
661, 1359493
List the prime factors of 356754915.
3, 5, 11, 79, 3041
List the prime factors of 386857809.
3, 13, 1102159
What are the prime factors of 305626279?
7, 1877, 3323
What are the prime factors of 1909563858?
2, 3, 37, 2867213
What are the prime factors of 94288926?
2, 3, 15714821
What are the prime factors of 3147817843?
353, 2371, 3761
List the prime factors of 1782790390.
2, 5, 101, 1765139
List the prime factors of 65800580.
2, 5, 3290029
What are the prime factors of 3052642346?
2, 13, 3919, 29959
What are the prime factors of 188455105?
5, 37691021
What are the prime factors of 185126184?
2, 3, 2571197
What are the prime factors of 134224518?
2, 3, 22370753
What are the prime factors of 56776194?
2, 3, 79, 13309
What are the prime factors of 981379536?
2, 3, 17, 353, 3407
What are the prime factors of 5301186885?
3, 5, 809, 48539
List the prime factors of 4931079.
3, 1643693
What are the prime factors of 43586647?
13, 139, 24121
List the prime factors of 1467950617.
7, 37, 1471, 3853
List the prime factors of 7301204269.
7301204269
List the prime factors of 4956169478.
2, 13, 190621903
List the prime factors of 66176920.
2, 5, 17, 307, 317
List the prime factors of 177515647.
127, 1397761
List the prime factors of 170662619.
587, 290737
What are the prime factors of 591847711?
7, 13, 347, 18743
List the prime factors of 1908448.
2, 23, 2593
What are the prime factors of 4003722848?
2, 2683, 46633
What are the prime factors of 65413481?
7, 1334969
What are the prime factors of 27266235?
3, 5, 19, 29, 3299
List the prime factors of 8222941.
8222941
List the prime factors of 98211012.
2, 3, 23, 47, 67, 113
List the prime factors of 33538884.
2, 3, 2794907
What are the prime factors of 140547957?
3, 11, 853, 4993
List the prime factors of 333903797.
587, 568831
What are the prime factors of 1713429824?
2, 26772341
What are the prime factors of 61520203?
61520203
List the prime factors of 757669287.
3, 252556429
What are the prime factors of 612385562?
2, 306192781
List the prime factors of 1115350116.
2, 3, 31, 2998253
What are the prime factors of 1841895?
3, 5, 11, 61
List the prime factors of 174433271.
277, 629723
List the prime factors of 52783783.
13, 4060291
What are the prime factors of 49225760?
2, 5, 29, 103
List the prime factors of 284263772.
2, 13, 191, 28621
List the prime factors of 412156920.
2, 3, 5, 7, 490663
What are the prime factors of 808914245?
5, 463, 349423
List the prime factors of 20771766.
2, 3, 887, 1301
List the prime factors of 2861156088.
2, 3, 7, 1892299
What are the prime factors of 30510311?
13, 37, 137, 463
What are the prime factors of 2349808591?
13, 180754507
What are the prime factors of 29926091?
13, 227, 10141
List the prime factors of 17125819.
17125819
List the prime factors of 903992654.
2, 2549, 177323
List the prime factors of 81398663.
4583, 17761
List the prime factors of 354085206.
2, 3, 409, 144289
List the prime factors of 102998230.
2, 5, 929, 11087
List the prime factors of 148698926.
2, 251, 296213
What are the prime factors of 187082068?
2, 467, 100151
List the prime factors of 40921365.
3, 5, 199, 13709
List the prime factors of 166393330.
2, 5, 16639333
List the prime factors of 145427383.
71, 2048273
List the prime factors of 904134343.
7, 283, 456403
What are the prime factors of 65348222?
2, 32674111
List the prime factors of 63019440.
2, 3, 5, 11, 73, 109
What are the prime factors of 237658956?
2, 3, 1583, 12511
List the prime factors of 2954643.
3, 984881
What are the prime factors of 83764763?
17, 41, 47, 2557
List the prime factors of 988284335.
5, 19, 523, 19891
List the prime factors of 310850208.
2, 3, 191, 5651
What are the prime factors of 107005846?
2, 53502923
What are the prime factors of 2055788609?
7, 97, 223, 13577
What are the prime factors of 38096473?
17, 839, 2671
List the prime factors of 57350431.
23, 41, 61, 997
List the prime factors of 599531868.
2, 3, 13, 37, 3847
What are the prime factors of 114966834?
2, 3, 19, 23, 163, 269
List the prime factors of 1127983150.
2, 5, 7, 17, 101, 1877
What are the prime factors of 2282821026?
2, 3, 4603, 82657
What are the prime factors of 1111014564?
2, 3, 11, 43, 195739
What are the prime factors of 68996054?
2, 34498027
What are the prime factors of 3562073462?
2, 113, 157, 100391
What are the prime factors of 51686961?
3, 29, 594103
List the prime factors of 23163081.
3, 499, 15473
List the prime factors of 568094273.
23, 67, 368653
List the prime factors of 102807616.
2, 149, 10781
What are the prime factors of 1311638757?
3, 11, 13, 17, 179849
What are the prime factors of 889893585?
3, 5, 7, 53, 151, 353
List the prime factors of 35821243.
2531, 14153
What are the prime factors of 470567529?
3, 79, 220613
List the prime factors of 343537303.
107, 3210629
List the prime factors of 75350141.
101, 746041
List the prime factors of 161258704.
2, 23, 438203
What are the prime factors of 1553378403?
3, 517792801
List the prime factors of 12904651.
3253, 3967
List the prime factors of 20859450.
2, 3, 5, 59, 2357
List the prime factors of 49658419.
19, 2613601
List the prime factors of 5507554.
2, 13, 47, 4507
What are the prime factors of 137733894?
2, 3, 71, 107773
List the prime factors of 38344671.
3, 89, 197
What are the prime factors of 6255686?
2, 3127843
List the prime factors of 2386562364.
2, 3, 66293399
List the prime factors of 323158353.
3, 7, 31, 67, 239
List the prime factors of 413200932.
2, 3, 29, 43, 53, 521
List the prime factors of 399022803.
3, 29, 1528823
What are the prime factors of 1997771760?
2, 3, 5, 2774683
What are the prime factors of 587191293?
3, 13, 53, 94693
What are the prime factors of 111104326?
2, 55552163
What are the prime factors of 259937067?
3, 13, 59, 112967
What are the prime factors of 32235382?
2, 1429, 11279
List the prime factors of 888011164.
2, 222002791
What are the prime factors of 61567791?
3, 47, 436651
List the prime factors of 261915173.
13, 877, 22973
What are the prime factors of 1150814699?
1753, 656483
What are the prime factors of 1708135311?
3, 43, 13241359
List the prime factors of 36648068.
2, 61, 150197
What are the prime factors of 4735711126?
2, 19, 124623977
List the prime factors of 518744238.
2, 3, 751, 115123
What are the prime factors of 80198277?
3, 37, 617, 1171
List the prime factors of 1070604372.
2, 3, 89217031
What are the prime factors of 562522729?
37, 443, 34319
What are the prime factors of 3977716757?
7, 6473, 12541
What are the prime factors of 752659?
743, 1013
What are the prime factors of 696430532?
2, 7, 3553217
What are the prime factors of 1810338683?
191, 9478213
What are the prime factors of 57144035?
5, 13, 73, 12043
List the prime factors of 22950921.
3, 7, 1092901
What are the prime factors of 2592639125?
5, 157, 132109
What are the prime factors of 1365309949?
21589, 63241
What are the prime factors of 76107761?
76107761
List the prime factors of 833701294.
2, 416850647
List the prime factors of 2690481788.
2, 37, 2521, 7211
What are the prime factors of 56963587?
56963587
List the prime factors of 123692876.
2, 163, 189713
What are the prime factors of 1279679954?
2, 7, 509, 179579
List the prime factors of 1326399724.
2, 13, 941, 27107
List the prime factors of 176294877.
3, 11, 293, 18233
List the prime factors of 143618809.
143618809
List the prime factor